{"id":137,"date":"2015-10-22T18:24:49","date_gmt":"2015-10-22T16:24:49","guid":{"rendered":"http:\/\/lambert-nicolas.com\/atelier\/?page_id=137"},"modified":"2021-11-12T12:19:50","modified_gmt":"2021-11-12T11:19:50","slug":"videos","status":"publish","type":"page","link":"https:\/\/lambert-nicolas.com\/atelier\/videos\/","title":{"rendered":"Vid\u00e9os"},"content":{"rendered":"\n[et_pb_section fb_built=\u00a0\u00bb1&Prime; admin_label=\u00a0\u00bbsection\u00a0\u00bb _builder_version=\u00a0\u00bb3.22&Prime; global_colors_info=\u00a0\u00bb{}\u00a0\u00bb][et_pb_row _builder_version=\u00a0\u00bb3.25&Prime; global_colors_info=\u00a0\u00bb{}\u00a0\u00bb][et_pb_column type=\u00a0\u00bb4_4&Prime; _builder_version=\u00a0\u00bb3.25&Prime; custom_padding=\u00a0\u00bb|||\u00a0\u00bb global_colors_info=\u00a0\u00bb{}\u00a0\u00bb custom_padding__hover=\u00a0\u00bb|||\u00a0\u00bb][et_pb_post_title meta=\u00a0\u00bboff\u00a0\u00bb featured_image=\u00a0\u00bboff\u00a0\u00bb _builder_version=\u00a0\u00bb3.22.2&Prime; title_font=\u00a0\u00bb||||||||\u00a0\u00bb global_colors_info=\u00a0\u00bb{}\u00a0\u00bb][\/et_pb_post_title][\/et_pb_column][\/et_pb_row][et_pb_row column_structure=\u00a0\u00bb1_2,1_2&Prime; admin_label=\u00a0\u00bbrow\u00a0\u00bb _builder_version=\u00a0\u00bb3.25&Prime; background_size=\u00a0\u00bbinitial\u00a0\u00bb background_position=\u00a0\u00bbtop_left\u00a0\u00bb background_repeat=\u00a0\u00bbrepeat\u00a0\u00bb width=\u00a0\u00bb95%\u00a0\u00bb max_width=\u00a0\u00bb1430px\u00a0\u00bb global_colors_info=\u00a0\u00bb{}\u00a0\u00bb][et_pb_column type=\u00a0\u00bb1_2&Prime; _builder_version=\u00a0\u00bb3.25&Prime; custom_padding=\u00a0\u00bb|||\u00a0\u00bb global_colors_info=\u00a0\u00bb{}\u00a0\u00bb custom_padding__hover=\u00a0\u00bb|||\u00a0\u00bb][et_pb_text admin_label=\u00a0\u00bbText\u00a0\u00bb _builder_version=\u00a0\u00bb4.11.2&Prime; background_color=\u00a0\u00bb#ffffff\u00a0\u00bb background_size=\u00a0\u00bbinitial\u00a0\u00bb background_position=\u00a0\u00bbtop_left\u00a0\u00bb background_repeat=\u00a0\u00bbrepeat\u00a0\u00bb custom_padding=\u00a0\u00bb20px|20px|20px|20px\u00a0\u00bb hover_enabled=\u00a0\u00bb0&Prime; global_colors_info=\u00a0\u00bb{}\u00a0\u00bb sticky_enabled=\u00a0\u00bb0&Prime;]<h2 style=\"text-align: left;\">Glasses<\/h2>\n<iframe loading=\"lazy\" src=\"https:\/\/player.vimeo.com\/video\/53581517\" width=\"600\" height=\"340\" frameborder=\"0\" allow=\"autoplay; fullscreen\" allowfullscreen=\"\"><\/iframe>\n<h2><\/h2>\n<h2><\/h2>\n<h2>Retour en avant<\/h2>\n<iframe loading=\"lazy\" src=\"https:\/\/player.vimeo.com\/video\/31135160\" width=\"600\" height=\"439\" frameborder=\"0\" allowfullscreen=\"allowfullscreen\"><\/iframe>[\/et_pb_text][\/et_pb_column][et_pb_column type=\u00a0\u00bb1_2&Prime; _builder_version=\u00a0\u00bb3.25&Prime; custom_padding=\u00a0\u00bb|||\u00a0\u00bb global_colors_info=\u00a0\u00bb{}\u00a0\u00bb custom_padding__hover=\u00a0\u00bb|||\u00a0\u00bb][et_pb_text admin_label=\u00a0\u00bbText\u00a0\u00bb _builder_version=\u00a0\u00bb4.11.2&Prime; background_color=\u00a0\u00bb#ffffff\u00a0\u00bb background_size=\u00a0\u00bbinitial\u00a0\u00bb background_position=\u00a0\u00bbtop_left\u00a0\u00bb background_repeat=\u00a0\u00bbrepeat\u00a0\u00bb custom_padding=\u00a0\u00bb20px|20px|20px|20px\u00a0\u00bb hover_enabled=\u00a0\u00bb0&Prime; global_colors_info=\u00a0\u00bb{}\u00a0\u00bb sticky_enabled=\u00a0\u00bb0&Prime;]<h2>CO2 mon amour<\/h2>\n<p><iframe loading=\"lazy\" src=\"https:\/\/player.vimeo.com\/video\/31506383?title=0&amp;byline=0&amp;portrait=0\" width=\"600\" height=\"439\" frameborder=\"0\" allowfullscreen=\"allowfullscreen\"><\/iframe><\/p>\n<h2><\/h2>\n<h2><\/h2>\n<h2>Odeurs de la ville<\/h2>\n<p><iframe loading=\"lazy\" src=\"\/\/player.vimeo.com\/video\/30870509?title=0&amp;byline=0&amp;portrait=0\" width=\"600\" height=\"439\" frameborder=\"0\" allowfullscreen=\"allowfullscreen\"><\/iframe><\/p>\n[\/et_pb_text][\/et_pb_column][\/et_pb_row][et_pb_row _builder_version=\u00a0\u00bb4.10.8&Prime; _module_preset=\u00a0\u00bbdefault\u00a0\u00bb global_colors_info=\u00a0\u00bb{}\u00a0\u00bb][et_pb_column type=\u00a0\u00bb4_4&Prime; _builder_version=\u00a0\u00bb4.10.8&Prime; _module_preset=\u00a0\u00bbdefault\u00a0\u00bb global_colors_info=\u00a0\u00bb{}\u00a0\u00bb][et_pb_text _builder_version=\u00a0\u00bb4.10.8&Prime; _module_preset=\u00a0\u00bbdefault\u00a0\u00bb global_colors_info=\u00a0\u00bb{}\u00a0\u00bb]<a href=\"https:\/\/lambert-nicolas.com\/\"><\/a>\n<a href=\"https:\/\/www.instagram.com\/nak_illustrations\/\"><\/a>[\/et_pb_text][\/et_pb_column][\/et_pb_row][\/et_pb_section]\n","protected":false},"excerpt":{"rendered":"<p>Glasses Retour en avant CO2 mon amour Odeurs de la ville<\/p>\n","protected":false},"author":1,"featured_media":0,"parent":0,"menu_order":0,"comment_status":"closed","ping_status":"closed","template":"","meta":{"_et_pb_use_builder":"on","_et_pb_old_content":"<div style=\"width: 100%; max-width: 600px; margin: 0 auto; position: relative;\">\r\n<h2 style=\"text-align: center;\"><\/h2>\r\n<h4>Glasses\r\n<iframe src=\"https:\/\/player.vimeo.com\/video\/53581517?badge=0\" width=\"600\" height=\"439\" frameborder=\"0\" allowfullscreen=\"allowfullscreen\"><\/iframe><\/h4>\r\n<h4>CO2 mon amour\r\n<iframe src=\"https:\/\/player.vimeo.com\/video\/31506383?title=0&amp;byline=0&amp;portrait=0\" width=\"600\" height=\"439\" frameborder=\"0\" allowfullscreen=\"allowfullscreen\"><\/iframe><\/h4>\r\n<h4>Retour en avant\r\n<iframe src=\"https:\/\/player.vimeo.com\/video\/31135160?title=0&amp;byline=0&amp;portrait=0\" width=\"600\" height=\"439\" frameborder=\"0\" allowfullscreen=\"allowfullscreen\"><\/iframe><\/h4>\r\n<h4>Odeurs de la ville\r\n<iframe src=\"\/\/player.vimeo.com\/video\/30870509?title=0&amp;byline=0&amp;portrait=0\" width=\"600\" height=\"439\" frameborder=\"0\" allowfullscreen=\"allowfullscreen\"><\/iframe><\/h4>\r\n<\/div>","_et_gb_content_width":""},"yoast_head":"<!-- This site is optimized with the Yoast SEO plugin v19.4 - https:\/\/yoast.com\/wordpress\/plugins\/seo\/ -->\n<title>Nicolas Lambert - L&#039;atelier - Illustration, croquis, vid\u00e9os, Lyon, Rh\u00f4ne-Alpes<\/title>\n<meta name=\"description\" content=\"L&#039;atelier - Nak Illustration | Galerie d&#039;illustrations, croquis, vid\u00e9os, recherche graphique \u00e0 Lyon, Art et essais graphique, Vid\u00e9os\" \/>\n<meta name=\"robots\" content=\"index, follow, max-snippet:-1, max-image-preview:large, max-video-preview:-1\" \/>\n<link rel=\"canonical\" href=\"https:\/\/lambert-nicolas.com\/atelier\/videos\/\" \/>\n<meta property=\"og:locale\" content=\"fr_FR\" \/>\n<meta property=\"og:type\" content=\"article\" \/>\n<meta property=\"og:title\" content=\"Nicolas Lambert - L&#039;atelier - Illustration, croquis, vid\u00e9os, Lyon, Rh\u00f4ne-Alpes\" \/>\n<meta property=\"og:description\" content=\"L&#039;atelier - Nak Illustration | Galerie d&#039;illustrations, croquis, vid\u00e9os, recherche graphique \u00e0 Lyon, Art et essais graphique, Vid\u00e9os\" \/>\n<meta property=\"og:url\" content=\"https:\/\/lambert-nicolas.com\/atelier\/videos\/\" \/>\n<meta property=\"og:site_name\" content=\"Nicolas Lambert - L&#039;atelier\" \/>\n<meta property=\"article:modified_time\" content=\"2021-11-12T11:19:50+00:00\" \/>\n<meta name=\"twitter:card\" content=\"summary_large_image\" \/>\n<meta name=\"twitter:label1\" content=\"Dur\u00e9e de lecture estim\u00e9e\" \/>\n\t<meta name=\"twitter:data1\" content=\"1 minute\" \/>\n<script type=\"application\/ld+json\" class=\"yoast-schema-graph\">{\"@context\":\"https:\/\/schema.org\",\"@graph\":[{\"@type\":\"WebSite\",\"@id\":\"https:\/\/lambert-nicolas.com\/atelier\/#website\",\"url\":\"https:\/\/lambert-nicolas.com\/atelier\/\",\"name\":\"Nicolas Lambert - L&#039;atelier\",\"description\":\"Nicolas Lambert : Illustrations - Dessins - croquis - peintures - vid\u00e9os - jeux flash - graphiste - illustrateur - webdesigner - int\u00e9grateur - cr\u00e9ateur de site internet - conception graphique - conception web\",\"potentialAction\":[{\"@type\":\"SearchAction\",\"target\":{\"@type\":\"EntryPoint\",\"urlTemplate\":\"https:\/\/lambert-nicolas.com\/atelier\/?s={search_term_string}\"},\"query-input\":\"required name=search_term_string\"}],\"inLanguage\":\"fr-FR\"},{\"@type\":\"WebPage\",\"@id\":\"https:\/\/lambert-nicolas.com\/atelier\/videos\/\",\"url\":\"https:\/\/lambert-nicolas.com\/atelier\/videos\/\",\"name\":\"Nicolas Lambert - L&#039;atelier - Illustration, croquis, vid\u00e9os, Lyon, Rh\u00f4ne-Alpes\",\"isPartOf\":{\"@id\":\"https:\/\/lambert-nicolas.com\/atelier\/#website\"},\"datePublished\":\"2015-10-22T16:24:49+00:00\",\"dateModified\":\"2021-11-12T11:19:50+00:00\",\"description\":\"L'atelier - Nak Illustration | Galerie d'illustrations, croquis, vid\u00e9os, recherche graphique \u00e0 Lyon, Art et essais graphique, Vid\u00e9os\",\"breadcrumb\":{\"@id\":\"https:\/\/lambert-nicolas.com\/atelier\/videos\/#breadcrumb\"},\"inLanguage\":\"fr-FR\",\"potentialAction\":[{\"@type\":\"ReadAction\",\"target\":[\"https:\/\/lambert-nicolas.com\/atelier\/videos\/\"]}]},{\"@type\":\"BreadcrumbList\",\"@id\":\"https:\/\/lambert-nicolas.com\/atelier\/videos\/#breadcrumb\",\"itemListElement\":[{\"@type\":\"ListItem\",\"position\":1,\"name\":\"Accueil\",\"item\":\"https:\/\/lambert-nicolas.com\/atelier\/\"},{\"@type\":\"ListItem\",\"position\":2,\"name\":\"Vid\u00e9os\"}]}]}<\/script>\n<!-- \/ Yoast SEO plugin. -->","yoast_head_json":{"title":"Nicolas Lambert - L&#039;atelier - Illustration, croquis, vid\u00e9os, Lyon, Rh\u00f4ne-Alpes","description":"L'atelier - Nak Illustration | Galerie d'illustrations, croquis, vid\u00e9os, recherche graphique \u00e0 Lyon, Art et essais graphique, Vid\u00e9os","robots":{"index":"index","follow":"follow","max-snippet":"max-snippet:-1","max-image-preview":"max-image-preview:large","max-video-preview":"max-video-preview:-1"},"canonical":"https:\/\/lambert-nicolas.com\/atelier\/videos\/","og_locale":"fr_FR","og_type":"article","og_title":"Nicolas Lambert - L&#039;atelier - Illustration, croquis, vid\u00e9os, Lyon, Rh\u00f4ne-Alpes","og_description":"L'atelier - Nak Illustration | Galerie d'illustrations, croquis, vid\u00e9os, recherche graphique \u00e0 Lyon, Art et essais graphique, Vid\u00e9os","og_url":"https:\/\/lambert-nicolas.com\/atelier\/videos\/","og_site_name":"Nicolas Lambert - L&#039;atelier","article_modified_time":"2021-11-12T11:19:50+00:00","twitter_card":"summary_large_image","twitter_misc":{"Dur\u00e9e de lecture estim\u00e9e":"1 minute"},"schema":{"@context":"https:\/\/schema.org","@graph":[{"@type":"WebSite","@id":"https:\/\/lambert-nicolas.com\/atelier\/#website","url":"https:\/\/lambert-nicolas.com\/atelier\/","name":"Nicolas Lambert - L&#039;atelier","description":"Nicolas Lambert : Illustrations - Dessins - croquis - peintures - vid\u00e9os - jeux flash - graphiste - illustrateur - webdesigner - int\u00e9grateur - cr\u00e9ateur de site internet - conception graphique - conception web","potentialAction":[{"@type":"SearchAction","target":{"@type":"EntryPoint","urlTemplate":"https:\/\/lambert-nicolas.com\/atelier\/?s={search_term_string}"},"query-input":"required name=search_term_string"}],"inLanguage":"fr-FR"},{"@type":"WebPage","@id":"https:\/\/lambert-nicolas.com\/atelier\/videos\/","url":"https:\/\/lambert-nicolas.com\/atelier\/videos\/","name":"Nicolas Lambert - L&#039;atelier - Illustration, croquis, vid\u00e9os, Lyon, Rh\u00f4ne-Alpes","isPartOf":{"@id":"https:\/\/lambert-nicolas.com\/atelier\/#website"},"datePublished":"2015-10-22T16:24:49+00:00","dateModified":"2021-11-12T11:19:50+00:00","description":"L'atelier - Nak Illustration | Galerie d'illustrations, croquis, vid\u00e9os, recherche graphique \u00e0 Lyon, Art et essais graphique, Vid\u00e9os","breadcrumb":{"@id":"https:\/\/lambert-nicolas.com\/atelier\/videos\/#breadcrumb"},"inLanguage":"fr-FR","potentialAction":[{"@type":"ReadAction","target":["https:\/\/lambert-nicolas.com\/atelier\/videos\/"]}]},{"@type":"BreadcrumbList","@id":"https:\/\/lambert-nicolas.com\/atelier\/videos\/#breadcrumb","itemListElement":[{"@type":"ListItem","position":1,"name":"Accueil","item":"https:\/\/lambert-nicolas.com\/atelier\/"},{"@type":"ListItem","position":2,"name":"Vid\u00e9os"}]}]}},"_links":{"self":[{"href":"https:\/\/lambert-nicolas.com\/atelier\/wp-json\/wp\/v2\/pages\/137"}],"collection":[{"href":"https:\/\/lambert-nicolas.com\/atelier\/wp-json\/wp\/v2\/pages"}],"about":[{"href":"https:\/\/lambert-nicolas.com\/atelier\/wp-json\/wp\/v2\/types\/page"}],"author":[{"embeddable":true,"href":"https:\/\/lambert-nicolas.com\/atelier\/wp-json\/wp\/v2\/users\/1"}],"replies":[{"embeddable":true,"href":"https:\/\/lambert-nicolas.com\/atelier\/wp-json\/wp\/v2\/comments?post=137"}],"version-history":[{"count":36,"href":"https:\/\/lambert-nicolas.com\/atelier\/wp-json\/wp\/v2\/pages\/137\/revisions"}],"predecessor-version":[{"id":1097,"href":"https:\/\/lambert-nicolas.com\/atelier\/wp-json\/wp\/v2\/pages\/137\/revisions\/1097"}],"wp:attachment":[{"href":"https:\/\/lambert-nicolas.com\/atelier\/wp-json\/wp\/v2\/media?parent=137"}],"curies":[{"name":"wp","href":"https:\/\/api.w.org\/{rel}","templated":true}]}}